{"id":9590,"date":"2016-10-28T07:17:21","date_gmt":"2016-10-28T06:17:21","guid":{"rendered":"http:\/\/www.xn--mks-lningen-vfb.de\/?page_id=9590"},"modified":"2022-05-11T08:13:06","modified_gmt":"2022-05-11T07:13:06","slug":"psychomotorik","status":"publish","type":"page","link":"https:\/\/www.xn--mks-lningen-vfb.de\/?page_id=9590","title":{"rendered":"Psychomotorik &#8211; Motop\u00e4die"},"content":{"rendered":"<p>Unsere Schule verf\u00fcgt \u00fcber einen sehr gut ausgestatteten Psychomotorikraum, der viele sensorische und bewegungsintensive Erfahrungen erm\u00f6glicht. Unsere Motop\u00e4din hei\u00dft Neele T\u00f6bben.<\/p>\n<p><a href=\"http:\/\/www.xn--mks-lningen-vfb.de\/wp-content\/uploads\/2016\/06\/Psychomotorikraum.jpg\" rel=\"lightbox[9590]\"><img loading=\"lazy\" decoding=\"async\" class=\"aligncenter wp-image-8906 size-full\" src=\"http:\/\/www.xn--mks-lningen-vfb.de\/wp-content\/uploads\/2016\/06\/Psychomotorikraum.jpg\" alt=\"Psychomotorikraum\" width=\"448\" height=\"299\" data-id=\"8906\" srcset=\"https:\/\/www.xn--mks-lningen-vfb.de\/wp-content\/uploads\/2016\/06\/Psychomotorikraum.jpg 448w, https:\/\/www.xn--mks-lningen-vfb.de\/wp-content\/uploads\/2016\/06\/Psychomotorikraum-300x200.jpg 300w\" sizes=\"auto, (max-width: 448px) 100vw, 448px\" \/><\/a><\/p>\n\n\n<p><strong>Definition Psychomotorik<\/strong><\/p>\n\n\n\n<p><strong>\u201e<\/strong><strong><em>Psychomotorik ist die ganzheitliche, personenbezogene und ressourcenorientierte Entwicklungsf\u00f6rderung, mit dem Ziel die Handlungskompetenz und das Selbstkonzept aufzubauen und zu st\u00e4rken. Im Mittelpunkt steht hierbei die Einheit von wahrnehmen, bewegen und erleben.\u201c<\/em><\/strong><\/p>\n\n\n\n<p>Ziel einer Psychomotorikstunde ist es, sich auf die Kinder einzulassen, ihre St\u00e4rken und Vorlieben zu erforschen und eine Beziehung aufzubauen. Durch Impulsgebungen lernen sie neue Bewegungs- und Wahrnehmungsmuster kennen. Das Fundament dieser Arbeit ruht auf den Emotionen. Die Kinder setzten sich verbal und durch den Ausdruck von Bewegungsmustern mit ihren Emotionen auseinander, teilen ihre Erfahrungen dann mit anderen Kindern und erfahren ein soziales Miteinander. Sozialkompetenzen entstehen und der Baustein der emotionalen Intelligenz f\u00fcr weitere Interaktion ist gegeben. Die Kinder erleben sich als ganzheitlich und aktiv. Sie lernen sich und ihren K\u00f6rper kennen, unterscheiden Mein und Dein und \u00fcbertragen diese Erfahrungen auf ihre Umwelt. Sie erleben sich als Teil des Ganzen und aus Ursachen erfolgen Handlungen.<\/p>\n\n\n\n<p><strong>Der Aufbau einer Stunde ist in 5 Phasen eingeteilt.<\/strong><\/p>\n\n\n\n<p><mark style=\"background-color:rgba(0, 0, 0, 0)\" class=\"has-inline-color has-blue-color\">Begr\u00fc\u00dfung und Befinden<\/mark><\/p>\n\n\n\n<p><strong>Rituale<\/strong> schaffen Sicherheit und sollten kontinuierlich und gleichbleibend durchgef\u00fchrt werden. Sie verhelfen dem Kind zu einem bekannten Einstieg. Eine gemeinsame <strong>Begr\u00fc\u00dfung<\/strong> verhilft zu einem WIR Gef\u00fchl, es st\u00e4rkt die Gemeinschaft und die Wertsch\u00e4tzung. Die Kinder f\u00fchlen sich angenommen und k\u00f6nnen sich so auf das weitere Vorgehen einlassen.<\/p>\n\n\n\n<p><mark style=\"background-color:rgba(0, 0, 0, 0)\" class=\"has-inline-color has-blue-color\">Einstieg<\/mark><\/p>\n\n\n\n<p>Hier sollen die Kinder ihre Ideen mit einbringen, sich als wichtig und ein Teil der Gruppe erleben.<\/p>\n\n\n\n<p>Ein Spiel oder eine Traumreise- hier ist Platz zum Ankommen.<\/p>\n\n\n\n<p><mark style=\"background-color:rgba(0, 0, 0, 0)\" class=\"has-inline-color has-blue-color\">Intensive Phase<\/mark><\/p>\n\n\n\n<p>In der <strong>intensiven Phase<\/strong> werden die Interessen der Kinder er\u00f6rtert und vertieft. Die Kinder sollen Schritt f\u00fcr Schritt an neue Materialien herangef\u00fchrt werden. Die intensive Phase dient als Einf\u00fchrung in das Stundenthema (Gespr\u00e4ch, Spiele, Geschichten, Rollenspiele, Ger\u00e4telandschaften oder Bewegungsbaustellen.). Das Wie und Wann entscheidet das Kind selbst. Somit ist der Ablauf an sich schwer zu planen, jedoch die Struktur, die Wiederholung und der Rahmen, umso wichtiger.<\/p>\n\n\n\n<p><u><mark style=\"background-color:rgba(0, 0, 0, 0)\" class=\"has-inline-color has-blue-color\">Extensive Phase<\/mark><\/u><\/p>\n\n\n\n<p>Die extensive Phase dient dazu, auf bekannte Bewegungsmuster zur\u00fcckzugreifen. In der extensiven Phase findet ein Ausgleich zwischen aktiven und passiven Einheiten statt. <strong>Aktivierende Bewegungsspiele bestehen aus Fang- und Laufspielen:<\/strong>\u00a0Im Mittelpunkt steht die gemeinsame Aktivit\u00e4t.<\/p>\n\n\n\n<p><mark style=\"background-color:rgba(0, 0, 0, 0)\" class=\"has-inline-color has-blue-color\">Reflexion<\/mark><\/p>\n\n\n\n<p>Das eigene Empfinden und Befinden einzuordnen und Gef\u00fchle zu erleben ist durch die Reflexionseinheiten ein wichtiger Anteil der Psychomotorik. Erleben, bewegen und wahrnehmen im st\u00e4ndigen Miteinander.<\/p>\n\n\n\n<p><strong>Eine Metapher zur Umsetzung von Psychomotorik.<\/strong><\/p>\n\n\n\n<p>\u201e<em>Ich m\u00f6chte dem Kind einen Garten schaffen, in dem es sich ausprobieren kann, seine St\u00e4rken wachsen k\u00f6nnen und es lernt selbstwirksam zu werden. Somit schaffe ich ihm durch die Blumen, die ich pflanze, den Zaun, den ich setze und die Sonnenstrahlen und Wassertropfen, die ich hinzuflie\u00dfen lasse einen Boden auf dem sich das Kind entfalten kann.\u201c<\/em><\/p>\n","protected":false},"excerpt":{"rendered":"<p>Unsere Schule verf\u00fcgt \u00fcber einen sehr gut ausgestatteten Psychomotorikraum, der viele sensorische und bewegungsintensive Erfahrungen erm\u00f6glicht. Unsere Motop\u00e4din hei\u00dft Neele T\u00f6bben. Definition Psychomotorik \u201ePsychomotorik ist die ganzheitliche, personenbezogene und ressourcenorientierte Entwicklungsf\u00f6rderung, mit dem Ziel die Handlungskompetenz und das Selbstkonzept aufzubauen &hellip; <a href=\"https:\/\/www.xn--mks-lningen-vfb.de\/?page_id=9590\">Weiterlesen <span class=\"meta-nav\">&rarr;<\/span><\/a><\/p>\n","protected":false},"author":2,"featured_media":0,"parent":0,"menu_order":0,"comment_status":"closed","ping_status":"closed","template":"","meta":{"footnotes":"","_links_to":"","_links_to_target":""},"class_list":["post-9590","page","type-page","status-publish","hentry"],"_links":{"self":[{"href":"https:\/\/www.xn--mks-lningen-vfb.de\/index.php?rest_route=\/wp\/v2\/pages\/9590","targetHints":{"allow":["GET"]}}],"collection":[{"href":"https:\/\/www.xn--mks-lningen-vfb.de\/index.php?rest_route=\/wp\/v2\/pages"}],"about":[{"href":"https:\/\/www.xn--mks-lningen-vfb.de\/index.php?rest_route=\/wp\/v2\/types\/page"}],"author":[{"embeddable":true,"href":"https:\/\/www.xn--mks-lningen-vfb.de\/index.php?rest_route=\/wp\/v2\/users\/2"}],"replies":[{"embeddable":true,"href":"https:\/\/www.xn--mks-lningen-vfb.de\/index.php?rest_route=%2Fwp%2Fv2%2Fcomments&post=9590"}],"version-history":[{"count":5,"href":"https:\/\/www.xn--mks-lningen-vfb.de\/index.php?rest_route=\/wp\/v2\/pages\/9590\/revisions"}],"predecessor-version":[{"id":14107,"href":"https:\/\/www.xn--mks-lningen-vfb.de\/index.php?rest_route=\/wp\/v2\/pages\/9590\/revisions\/14107"}],"wp:attachment":[{"href":"https:\/\/www.xn--mks-lningen-vfb.de\/index.php?rest_route=%2Fwp%2Fv2%2Fmedia&parent=9590"}],"curies":[{"name":"wp","href":"https:\/\/api.w.org\/{rel}","templated":true}]}}

Psychomotorik &#8211; Motopädie

<p>Unsere Schule verfügt über einen sehr gut ausgestatteten Psychomotorikraum, der viele sensorische und bewegungsintensive Erfahrungen ermöglicht. Unsere Motopädin heißt Neele Többen.</p>
<p><a href="http://www.xn--mks-lningen-vfb.de/wp-content/uploads/2016/06/Psychomotorikraum.jpg" rel="lightbox[9590]"><img loading="lazy" decoding="async" class="aligncenter wp-image-8906 size-full" src="http://www.xn--mks-lningen-vfb.de/wp-content/uploads/2016/06/Psychomotorikraum.jpg" alt="Psychomotorikraum" width="448" height="299" data-id="8906" srcset="https://www.xn--mks-lningen-vfb.de/wp-content/uploads/2016/06/Psychomotorikraum.jpg 448w, https://www.xn--mks-lningen-vfb.de/wp-content/uploads/2016/06/Psychomotorikraum-300x200.jpg 300w" sizes="auto, (max-width: 448px) 100vw, 448px" /></a></p>


<p><strong>Definition Psychomotorik</strong></p>



<p><strong>„</strong><strong><em>Psychomotorik ist die ganzheitliche, personenbezogene und ressourcenorientierte Entwicklungsförderung, mit dem Ziel die Handlungskompetenz und das Selbstkonzept aufzubauen und zu stärken. Im Mittelpunkt steht hierbei die Einheit von wahrnehmen, bewegen und erleben.“</em></strong></p>



<p>Ziel einer Psychomotorikstunde ist es, sich auf die Kinder einzulassen, ihre Stärken und Vorlieben zu erforschen und eine Beziehung aufzubauen. Durch Impulsgebungen lernen sie neue Bewegungs- und Wahrnehmungsmuster kennen. Das Fundament dieser Arbeit ruht auf den Emotionen. Die Kinder setzten sich verbal und durch den Ausdruck von Bewegungsmustern mit ihren Emotionen auseinander, teilen ihre Erfahrungen dann mit anderen Kindern und erfahren ein soziales Miteinander. Sozialkompetenzen entstehen und der Baustein der emotionalen Intelligenz für weitere Interaktion ist gegeben. Die Kinder erleben sich als ganzheitlich und aktiv. Sie lernen sich und ihren Körper kennen, unterscheiden Mein und Dein und übertragen diese Erfahrungen auf ihre Umwelt. Sie erleben sich als Teil des Ganzen und aus Ursachen erfolgen Handlungen.</p>



<p><strong>Der Aufbau einer Stunde ist in 5 Phasen eingeteilt.</strong></p>



<p><mark style="background-color:rgba(0, 0, 0, 0)" class="has-inline-color has-blue-color">Begrüßung und Befinden</mark></p>



<p><strong>Rituale</strong> schaffen Sicherheit und sollten kontinuierlich und gleichbleibend durchgeführt werden. Sie verhelfen dem Kind zu einem bekannten Einstieg. Eine gemeinsame <strong>Begrüßung</strong> verhilft zu einem WIR Gefühl, es stärkt die Gemeinschaft und die Wertschätzung. Die Kinder fühlen sich angenommen und können sich so auf das weitere Vorgehen einlassen.</p>



<p><mark style="background-color:rgba(0, 0, 0, 0)" class="has-inline-color has-blue-color">Einstieg</mark></p>



<p>Hier sollen die Kinder ihre Ideen mit einbringen, sich als wichtig und ein Teil der Gruppe erleben.</p>



<p>Ein Spiel oder eine Traumreise- hier ist Platz zum Ankommen.</p>



<p><mark style="background-color:rgba(0, 0, 0, 0)" class="has-inline-color has-blue-color">Intensive Phase</mark></p>



<p>In der <strong>intensiven Phase</strong> werden die Interessen der Kinder erörtert und vertieft. Die Kinder sollen Schritt für Schritt an neue Materialien herangeführt werden. Die intensive Phase dient als Einführung in das Stundenthema (Gespräch, Spiele, Geschichten, Rollenspiele, Gerätelandschaften oder Bewegungsbaustellen.). Das Wie und Wann entscheidet das Kind selbst. Somit ist der Ablauf an sich schwer zu planen, jedoch die Struktur, die Wiederholung und der Rahmen, umso wichtiger.</p>



<p><u><mark style="background-color:rgba(0, 0, 0, 0)" class="has-inline-color has-blue-color">Extensive Phase</mark></u></p>



<p>Die extensive Phase dient dazu, auf bekannte Bewegungsmuster zurückzugreifen. In der extensiven Phase findet ein Ausgleich zwischen aktiven und passiven Einheiten statt. <strong>Aktivierende Bewegungsspiele bestehen aus Fang- und Laufspielen:</strong> Im Mittelpunkt steht die gemeinsame Aktivität.</p>



<p><mark style="background-color:rgba(0, 0, 0, 0)" class="has-inline-color has-blue-color">Reflexion</mark></p>



<p>Das eigene Empfinden und Befinden einzuordnen und Gefühle zu erleben ist durch die Reflexionseinheiten ein wichtiger Anteil der Psychomotorik. Erleben, bewegen und wahrnehmen im ständigen Miteinander.</p>



<p><strong>Eine Metapher zur Umsetzung von Psychomotorik.</strong></p>



<p>„<em>Ich möchte dem Kind einen Garten schaffen, in dem es sich ausprobieren kann, seine Stärken wachsen können und es lernt selbstwirksam zu werden. Somit schaffe ich ihm durch die Blumen, die ich pflanze, den Zaun, den ich setze und die Sonnenstrahlen und Wassertropfen, die ich hinzufließen lasse einen Boden auf dem sich das Kind entfalten kann.“</em></p>

<p>Unsere Schule verfügt über einen sehr gut ausgestatteten Psychomotorikraum, der viele sensorische und bewegungsintensive Erfahrungen ermöglicht. Unsere Motopädin heißt Neele Többen. Definition Psychomotorik „Psychomotorik ist die ganzheitliche, personenbezogene und ressourcenorientierte Entwicklungsförderung, mit dem Ziel die Handlungskompetenz und das Selbstkonzept aufzubauen &hellip; <a href="https://www.xn--mks-lningen-vfb.de/?page_id=9590">Weiterlesen <span class="meta-nav">&rarr;</span></a></p>
