{"id":9,"date":"2012-03-14T08:09:53","date_gmt":"2012-03-14T08:09:53","guid":{"rendered":"http:\/\/mkruse.medienzentrum-clp.de\/loeningen\/?page_id=9"},"modified":"2024-09-19T07:02:36","modified_gmt":"2024-09-19T06:02:36","slug":"unsere-schule","status":"publish","type":"page","link":"https:\/\/www.xn--mks-lningen-vfb.de\/?page_id=9","title":{"rendered":"Unsere Schule"},"content":{"rendered":"<p><span style=\"color: #993300;\"><strong>Liebe Besucher unserer Website,<\/strong><\/span><\/p>\n<div id=\"attachment_199\" style=\"width: 245px\" class=\"wp-caption alignleft\"><a href=\"http:\/\/www.xn--mks-lningen-vfb.de\/wp-content\/uploads\/2013\/08\/Frau-Krassen.jpg\" rel=\"lightbox[9]\"><img loading=\"lazy\" decoding=\"async\" aria-describedby=\"caption-attachment-199\" class=\" wp-image-199\" src=\"http:\/\/www.xn--mks-lningen-vfb.de\/wp-content\/uploads\/2013\/08\/Frau-Krassen-300x266.jpg\" alt=\"Annegret Krassen\" width=\"235\" height=\"208\" data-id=\"199\" srcset=\"https:\/\/www.xn--mks-lningen-vfb.de\/wp-content\/uploads\/2013\/08\/Frau-Krassen-300x266.jpg 300w, https:\/\/www.xn--mks-lningen-vfb.de\/wp-content\/uploads\/2013\/08\/Frau-Krassen-1024x910.jpg 1024w, https:\/\/www.xn--mks-lningen-vfb.de\/wp-content\/uploads\/2013\/08\/Frau-Krassen.jpg 1448w\" sizes=\"auto, (max-width: 235px) 100vw, 235px\" \/><\/a><p id=\"caption-attachment-199\" class=\"wp-caption-text\">Annegret Krassen<\/p><\/div>\n<p>seit Schuljahresbeginn 2015\/16 habe ich die Schulleitung der Maximilian-Kolbe-Schule \u00fcbernommen und hei\u00dfe Sie im Namen der Schulgemeinschaft herzlich willkommen. Wir freuen uns \u00fcber Ihr Interesse und laden Sie ein, sich hier anhand einer Fotodokumentation einen ersten Eindruck von unserer Schule,\u00a0dem Schulleben\u00a0und den r\u00e4umlichen Gegebenheiten\u00a0zu verschaffen:<\/p>\n<p><a href=\"http:\/\/www.xn--mks-lningen-vfb.de\/wp-content\/uploads\/2012\/03\/Rundgang-1-1.jpg\" rel=\"lightbox[9]\"><img loading=\"lazy\" decoding=\"async\" class=\"alignleft size-medium wp-image-9473\" src=\"http:\/\/www.xn--mks-lningen-vfb.de\/wp-content\/uploads\/2012\/03\/Rundgang-1-1-300x236.jpg\" alt=\"Rundgang 1 (1)\" width=\"300\" height=\"236\" data-id=\"9473\" srcset=\"https:\/\/www.xn--mks-lningen-vfb.de\/wp-content\/uploads\/2012\/03\/Rundgang-1-1-300x236.jpg 300w, https:\/\/www.xn--mks-lningen-vfb.de\/wp-content\/uploads\/2012\/03\/Rundgang-1-1-1024x808.jpg 1024w, https:\/\/www.xn--mks-lningen-vfb.de\/wp-content\/uploads\/2012\/03\/Rundgang-1-1-379x300.jpg 379w\" sizes=\"auto, (max-width: 300px) 100vw, 300px\" \/><\/a> <a href=\"http:\/\/www.xn--mks-lningen-vfb.de\/wp-content\/uploads\/2012\/03\/Rundgang-1-2.jpg\" rel=\"lightbox[9]\"><img loading=\"lazy\" decoding=\"async\" class=\"alignleft size-medium wp-image-9474\" src=\"http:\/\/www.xn--mks-lningen-vfb.de\/wp-content\/uploads\/2012\/03\/Rundgang-1-2-300x197.jpg\" alt=\"Rundgang 1 (2)\" width=\"300\" height=\"197\" data-id=\"9474\" srcset=\"https:\/\/www.xn--mks-lningen-vfb.de\/wp-content\/uploads\/2012\/03\/Rundgang-1-2-300x197.jpg 300w, https:\/\/www.xn--mks-lningen-vfb.de\/wp-content\/uploads\/2012\/03\/Rundgang-1-2-1024x674.jpg 1024w, https:\/\/www.xn--mks-lningen-vfb.de\/wp-content\/uploads\/2012\/03\/Rundgang-1-2-455x300.jpg 455w\" sizes=\"auto, (max-width: 300px) 100vw, 300px\" \/><\/a> <a href=\"http:\/\/www.xn--mks-lningen-vfb.de\/wp-content\/uploads\/2012\/03\/Rundgang-1-3.jpg\" rel=\"lightbox[9]\"><img loading=\"lazy\" decoding=\"async\" class=\"alignleft size-medium wp-image-9475\" src=\"http:\/\/www.xn--mks-lningen-vfb.de\/wp-content\/uploads\/2012\/03\/Rundgang-1-3-300x207.jpg\" alt=\"Rundgang 1 (3)\" width=\"300\" height=\"207\" data-id=\"9475\" srcset=\"https:\/\/www.xn--mks-lningen-vfb.de\/wp-content\/uploads\/2012\/03\/Rundgang-1-3-300x207.jpg 300w, https:\/\/www.xn--mks-lningen-vfb.de\/wp-content\/uploads\/2012\/03\/Rundgang-1-3-1024x708.jpg 1024w, https:\/\/www.xn--mks-lningen-vfb.de\/wp-content\/uploads\/2012\/03\/Rundgang-1-3-433x300.jpg 433w\" sizes=\"auto, (max-width: 300px) 100vw, 300px\" \/><\/a> <a href=\"http:\/\/www.xn--mks-lningen-vfb.de\/wp-content\/uploads\/2012\/03\/Rundgang-1-4.jpg\" rel=\"lightbox[9]\"><img loading=\"lazy\" decoding=\"async\" class=\"alignleft size-medium wp-image-9476\" src=\"http:\/\/www.xn--mks-lningen-vfb.de\/wp-content\/uploads\/2012\/03\/Rundgang-1-4-300x206.jpg\" alt=\"Rundgang 1 (4)\" width=\"300\" height=\"206\" data-id=\"9476\" srcset=\"https:\/\/www.xn--mks-lningen-vfb.de\/wp-content\/uploads\/2012\/03\/Rundgang-1-4-300x206.jpg 300w, https:\/\/www.xn--mks-lningen-vfb.de\/wp-content\/uploads\/2012\/03\/Rundgang-1-4-1024x703.jpg 1024w, https:\/\/www.xn--mks-lningen-vfb.de\/wp-content\/uploads\/2012\/03\/Rundgang-1-4-436x300.jpg 436w\" sizes=\"auto, (max-width: 300px) 100vw, 300px\" \/><\/a> <a href=\"http:\/\/www.xn--mks-lningen-vfb.de\/wp-content\/uploads\/2012\/03\/Rundgang-1-8.jpg\" rel=\"lightbox[9]\"><img loading=\"lazy\" decoding=\"async\" class=\"alignleft size-medium wp-image-9480\" src=\"http:\/\/www.xn--mks-lningen-vfb.de\/wp-content\/uploads\/2012\/03\/Rundgang-1-8-300x162.jpg\" alt=\"Rundgang 1 (8)\" width=\"300\" height=\"162\" data-id=\"9480\" srcset=\"https:\/\/www.xn--mks-lningen-vfb.de\/wp-content\/uploads\/2012\/03\/Rundgang-1-8-300x162.jpg 300w, https:\/\/www.xn--mks-lningen-vfb.de\/wp-content\/uploads\/2012\/03\/Rundgang-1-8-1024x554.jpg 1024w, https:\/\/www.xn--mks-lningen-vfb.de\/wp-content\/uploads\/2012\/03\/Rundgang-1-8-500x270.jpg 500w\" sizes=\"auto, (max-width: 300px) 100vw, 300px\" \/><\/a> <a href=\"http:\/\/www.xn--mks-lningen-vfb.de\/wp-content\/uploads\/2012\/03\/Rundgang-1-10.jpg\" rel=\"lightbox[9]\"><img loading=\"lazy\" decoding=\"async\" class=\"alignleft size-medium wp-image-9482\" src=\"http:\/\/www.xn--mks-lningen-vfb.de\/wp-content\/uploads\/2012\/03\/Rundgang-1-10-300x187.jpg\" alt=\"Rundgang 1 (10)\" width=\"300\" height=\"187\" data-id=\"9482\" srcset=\"https:\/\/www.xn--mks-lningen-vfb.de\/wp-content\/uploads\/2012\/03\/Rundgang-1-10-300x187.jpg 300w, https:\/\/www.xn--mks-lningen-vfb.de\/wp-content\/uploads\/2012\/03\/Rundgang-1-10-1024x640.jpg 1024w, https:\/\/www.xn--mks-lningen-vfb.de\/wp-content\/uploads\/2012\/03\/Rundgang-1-10-479x300.jpg 479w\" sizes=\"auto, (max-width: 300px) 100vw, 300px\" \/><\/a> <a href=\"http:\/\/www.xn--mks-lningen-vfb.de\/wp-content\/uploads\/2012\/03\/Rundgang-1-11.jpg\" rel=\"lightbox[9]\"><img loading=\"lazy\" decoding=\"async\" class=\"alignleft size-medium wp-image-9483\" src=\"http:\/\/www.xn--mks-lningen-vfb.de\/wp-content\/uploads\/2012\/03\/Rundgang-1-11-300x160.jpg\" alt=\"Rundgang 1 (11)\" width=\"300\" height=\"160\" data-id=\"9483\" srcset=\"https:\/\/www.xn--mks-lningen-vfb.de\/wp-content\/uploads\/2012\/03\/Rundgang-1-11-300x160.jpg 300w, https:\/\/www.xn--mks-lningen-vfb.de\/wp-content\/uploads\/2012\/03\/Rundgang-1-11-1024x549.jpg 1024w, https:\/\/www.xn--mks-lningen-vfb.de\/wp-content\/uploads\/2012\/03\/Rundgang-1-11-500x268.jpg 500w\" sizes=\"auto, (max-width: 300px) 100vw, 300px\" \/><\/a> <a href=\"http:\/\/www.xn--mks-lningen-vfb.de\/wp-content\/uploads\/2012\/03\/Rundgang-1-12.jpg\" rel=\"lightbox[9]\"><img loading=\"lazy\" decoding=\"async\" class=\"alignleft size-medium wp-image-9484\" src=\"http:\/\/www.xn--mks-lningen-vfb.de\/wp-content\/uploads\/2012\/03\/Rundgang-1-12-300x242.jpg\" alt=\"Rundgang 1 (12)\" width=\"300\" height=\"242\" data-id=\"9484\" srcset=\"https:\/\/www.xn--mks-lningen-vfb.de\/wp-content\/uploads\/2012\/03\/Rundgang-1-12-300x242.jpg 300w, https:\/\/www.xn--mks-lningen-vfb.de\/wp-content\/uploads\/2012\/03\/Rundgang-1-12-1024x828.jpg 1024w, https:\/\/www.xn--mks-lningen-vfb.de\/wp-content\/uploads\/2012\/03\/Rundgang-1-12-370x300.jpg 370w\" sizes=\"auto, (max-width: 300px) 100vw, 300px\" \/><\/a> <a href=\"http:\/\/www.xn--mks-lningen-vfb.de\/wp-content\/uploads\/2012\/03\/Rundgang-1-13.jpg\" rel=\"lightbox[9]\"><img loading=\"lazy\" decoding=\"async\" class=\"alignleft size-medium wp-image-9485\" src=\"http:\/\/www.xn--mks-lningen-vfb.de\/wp-content\/uploads\/2012\/03\/Rundgang-1-13-300x164.jpg\" alt=\"Rundgang 1 (13)\" width=\"300\" height=\"164\" data-id=\"9485\" srcset=\"https:\/\/www.xn--mks-lningen-vfb.de\/wp-content\/uploads\/2012\/03\/Rundgang-1-13-300x164.jpg 300w, https:\/\/www.xn--mks-lningen-vfb.de\/wp-content\/uploads\/2012\/03\/Rundgang-1-13-1024x561.jpg 1024w, https:\/\/www.xn--mks-lningen-vfb.de\/wp-content\/uploads\/2012\/03\/Rundgang-1-13-500x273.jpg 500w\" sizes=\"auto, (max-width: 300px) 100vw, 300px\" \/><\/a> <a href=\"http:\/\/www.xn--mks-lningen-vfb.de\/wp-content\/uploads\/2012\/03\/Rundgang-1-14.jpg\" rel=\"lightbox[9]\"><img loading=\"lazy\" decoding=\"async\" class=\"alignleft size-medium wp-image-9486\" src=\"http:\/\/www.xn--mks-lningen-vfb.de\/wp-content\/uploads\/2012\/03\/Rundgang-1-14-300x194.jpg\" alt=\"Rundgang 1 (14)\" width=\"300\" height=\"194\" data-id=\"9486\" srcset=\"https:\/\/www.xn--mks-lningen-vfb.de\/wp-content\/uploads\/2012\/03\/Rundgang-1-14-300x194.jpg 300w, https:\/\/www.xn--mks-lningen-vfb.de\/wp-content\/uploads\/2012\/03\/Rundgang-1-14-1024x663.jpg 1024w, https:\/\/www.xn--mks-lningen-vfb.de\/wp-content\/uploads\/2012\/03\/Rundgang-1-14-463x300.jpg 463w\" sizes=\"auto, (max-width: 300px) 100vw, 300px\" \/><\/a><\/p>\n<p><a href=\"http:\/\/www.xn--mks-lningen-vfb.de\/wp-content\/uploads\/2012\/03\/IMG_8148.jpg\" rel=\"lightbox[9]\"><img loading=\"lazy\" decoding=\"async\" class=\"alignleft size-medium wp-image-9454\" src=\"http:\/\/www.xn--mks-lningen-vfb.de\/wp-content\/uploads\/2012\/03\/IMG_8148-300x150.jpg\" alt=\"IMG_8148\" width=\"300\" height=\"150\" data-id=\"9454\" srcset=\"https:\/\/www.xn--mks-lningen-vfb.de\/wp-content\/uploads\/2012\/03\/IMG_8148-300x150.jpg 300w, https:\/\/www.xn--mks-lningen-vfb.de\/wp-content\/uploads\/2012\/03\/IMG_8148-1024x514.jpg 1024w, https:\/\/www.xn--mks-lningen-vfb.de\/wp-content\/uploads\/2012\/03\/IMG_8148-500x251.jpg 500w\" sizes=\"auto, (max-width: 300px) 100vw, 300px\" \/><\/a><a href=\"http:\/\/www.xn--mks-lningen-vfb.de\/wp-content\/uploads\/2012\/03\/Rundgang-7.jpg\" rel=\"lightbox[9]\"><img loading=\"lazy\" decoding=\"async\" class=\"alignleft size-medium wp-image-9489\" src=\"http:\/\/www.xn--mks-lningen-vfb.de\/wp-content\/uploads\/2012\/03\/Rundgang-7-300x177.jpg\" alt=\"Rundgang (7)\" width=\"300\" height=\"177\" data-id=\"9489\" srcset=\"https:\/\/www.xn--mks-lningen-vfb.de\/wp-content\/uploads\/2012\/03\/Rundgang-7-300x177.jpg 300w, https:\/\/www.xn--mks-lningen-vfb.de\/wp-content\/uploads\/2012\/03\/Rundgang-7-1024x606.jpg 1024w, https:\/\/www.xn--mks-lningen-vfb.de\/wp-content\/uploads\/2012\/03\/Rundgang-7-500x296.jpg 500w, https:\/\/www.xn--mks-lningen-vfb.de\/wp-content\/uploads\/2012\/03\/Rundgang-7.jpg 2047w\" sizes=\"auto, (max-width: 300px) 100vw, 300px\" \/><\/a><\/p>\n","protected":false},"excerpt":{"rendered":"<p>Liebe Besucher unserer Website, seit Schuljahresbeginn 2015\/16 habe ich die Schulleitung der Maximilian-Kolbe-Schule \u00fcbernommen und hei\u00dfe Sie im Namen der Schulgemeinschaft herzlich willkommen. Wir freuen uns \u00fcber Ihr Interesse und laden Sie ein, sich hier anhand einer Fotodokumentation einen ersten &hellip; <a href=\"https:\/\/www.xn--mks-lningen-vfb.de\/?page_id=9\">Weiterlesen <span class=\"meta-nav\">&rarr;<\/span><\/a><\/p>\n","protected":false},"author":2,"featured_media":0,"parent":0,"menu_order":0,"comment_status":"closed","ping_status":"closed","template":"","meta":{"footnotes":"","_links_to":"","_links_to_target":""},"class_list":["post-9","page","type-page","status-publish","hentry"],"_links":{"self":[{"href":"https:\/\/www.xn--mks-lningen-vfb.de\/index.php?rest_route=\/wp\/v2\/pages\/9","targetHints":{"allow":["GET"]}}],"collection":[{"href":"https:\/\/www.xn--mks-lningen-vfb.de\/index.php?rest_route=\/wp\/v2\/pages"}],"about":[{"href":"https:\/\/www.xn--mks-lningen-vfb.de\/index.php?rest_route=\/wp\/v2\/types\/page"}],"author":[{"embeddable":true,"href":"https:\/\/www.xn--mks-lningen-vfb.de\/index.php?rest_route=\/wp\/v2\/users\/2"}],"replies":[{"embeddable":true,"href":"https:\/\/www.xn--mks-lningen-vfb.de\/index.php?rest_route=%2Fwp%2Fv2%2Fcomments&post=9"}],"version-history":[{"count":15,"href":"https:\/\/www.xn--mks-lningen-vfb.de\/index.php?rest_route=\/wp\/v2\/pages\/9\/revisions"}],"predecessor-version":[{"id":15741,"href":"https:\/\/www.xn--mks-lningen-vfb.de\/index.php?rest_route=\/wp\/v2\/pages\/9\/revisions\/15741"}],"wp:attachment":[{"href":"https:\/\/www.xn--mks-lningen-vfb.de\/index.php?rest_route=%2Fwp%2Fv2%2Fmedia&parent=9"}],"curies":[{"name":"wp","href":"https:\/\/api.w.org\/{rel}","templated":true}]}}