{"id":510,"date":"2014-01-17T19:08:35","date_gmt":"2014-01-17T18:08:35","guid":{"rendered":"http:\/\/www.xn--mks-lningen-vfb.de\/?page_id=510"},"modified":"2014-09-18T19:07:22","modified_gmt":"2014-09-18T18:07:22","slug":"projekte","status":"publish","type":"page","link":"https:\/\/www.xn--mks-lningen-vfb.de\/?page_id=510","title":{"rendered":"Projekte"},"content":{"rendered":"<h1><span style=\"color: #800000;\">Hier viele beispielhafte Projekte<\/span><\/h1>\n<p><span style=\"text-decoration: underline;\">N\u00e4h-Werkstatt: Arbeiten f\u00fcr den Weihnachtsmarkt<\/span><\/p>\n<p style=\"text-align: justify;\">Mit gro\u00dfem Eifer sind unsere Sch\u00fclerinnen und Sch\u00fcler mit den Vorbereitungen f\u00fcr den diesj\u00e4hrigen Weihnachtsmarkt in L\u00f6ningen besch\u00e4ftigt, auf dem die Maximilian-Kolbe-Schule mit einem Stand vertreten ist. Hier sind die Sch\u00fclerinnen und Sch\u00fcler der Klassen G 5-9 gerade dabei, K\u00f6rnerkissen zu n\u00e4hen und anschlie\u00dfend mit Bio-Getreide zu f\u00fcllen. Im Rahmen dieser N\u00e4h-Werkstatt sind Silvia Schrandt aus L\u00f6ningen und Maria Bormann aus Lindern ehrenamtlich t\u00e4tig und bringen tolle Ideen ein, die von den Klassen auch umgesetzt werden k\u00f6nnen. Unterst\u00fctzt werden sie dabei von den F\u00f6rderschullehrkr\u00e4ften und unseren p\u00e4dagogischen Mitarbeiterinnen.<\/p>\n<p>&nbsp;<\/p>\n<p><span style=\"text-decoration: underline;\">\u00a0<\/span><\/p>\n<p>&nbsp;<\/p>\n<p>&nbsp;<\/p>\n","protected":false},"excerpt":{"rendered":"<p>Hier viele beispielhafte Projekte N\u00e4h-Werkstatt: Arbeiten f\u00fcr den Weihnachtsmarkt Mit gro\u00dfem Eifer sind unsere Sch\u00fclerinnen und Sch\u00fcler mit den Vorbereitungen f\u00fcr den diesj\u00e4hrigen Weihnachtsmarkt in L\u00f6ningen besch\u00e4ftigt, auf dem die Maximilian-Kolbe-Schule mit einem Stand vertreten ist. Hier sind die Sch\u00fclerinnen &hellip; <a href=\"https:\/\/www.xn--mks-lningen-vfb.de\/?page_id=510\">Weiterlesen <span class=\"meta-nav\">&rarr;<\/span><\/a><\/p>\n","protected":false},"author":2,"featured_media":0,"parent":0,"menu_order":0,"comment_status":"closed","ping_status":"open","template":"","meta":{"footnotes":"","_links_to":"","_links_to_target":""},"class_list":["post-510","page","type-page","status-publish","hentry"],"_links":{"self":[{"href":"https:\/\/www.xn--mks-lningen-vfb.de\/index.php?rest_route=\/wp\/v2\/pages\/510","targetHints":{"allow":["GET"]}}],"collection":[{"href":"https:\/\/www.xn--mks-lningen-vfb.de\/index.php?rest_route=\/wp\/v2\/pages"}],"about":[{"href":"https:\/\/www.xn--mks-lningen-vfb.de\/index.php?rest_route=\/wp\/v2\/types\/page"}],"author":[{"embeddable":true,"href":"https:\/\/www.xn--mks-lningen-vfb.de\/index.php?rest_route=\/wp\/v2\/users\/2"}],"replies":[{"embeddable":true,"href":"https:\/\/www.xn--mks-lningen-vfb.de\/index.php?rest_route=%2Fwp%2Fv2%2Fcomments&post=510"}],"version-history":[{"count":1,"href":"https:\/\/www.xn--mks-lningen-vfb.de\/index.php?rest_route=\/wp\/v2\/pages\/510\/revisions"}],"predecessor-version":[{"id":512,"href":"https:\/\/www.xn--mks-lningen-vfb.de\/index.php?rest_route=\/wp\/v2\/pages\/510\/revisions\/512"}],"wp:attachment":[{"href":"https:\/\/www.xn--mks-lningen-vfb.de\/index.php?rest_route=%2Fwp%2Fv2%2Fmedia&parent=510"}],"curies":[{"name":"wp","href":"https:\/\/api.w.org\/{rel}","templated":true}]}}