{"id":496,"date":"2014-01-17T18:57:15","date_gmt":"2014-01-17T17:57:15","guid":{"rendered":"http:\/\/www.xn--mks-lningen-vfb.de\/?page_id=496"},"modified":"2023-03-15T09:23:56","modified_gmt":"2023-03-15T08:23:56","slug":"schulleben","status":"publish","type":"page","link":"https:\/\/www.xn--mks-lningen-vfb.de\/?page_id=496","title":{"rendered":"Schulleben"},"content":{"rendered":"<h1><span style=\"color: #800000;\">Gestaltung des Schullebens<\/span><\/h1>\n<p style=\"text-align: justify;\">Im Sinne unseres Leitbildes \u201eMacht Kinder stark!\u201c halten wir es f\u00fcr \u00e4u\u00dferst wichtig, durch vielf\u00e4ltige gemeinschaftsf\u00f6rdernde Aktivit\u00e4ten unser Schulleben positiv zu beeinflussen. Lernen und Arbeiten k\u00f6nnen nur gelingen, wenn der Ort, an dem dies geschehen soll, von Angstfreiheit, Akzeptanz und Wertsch\u00e4tzung gepr\u00e4gt ist. Im Laufe eines jeden Schuljahres tragen viele Feste, Aktionen, Ehrungen nach Wettk\u00e4mpfen vor der gesamten Schulgemeinschaft und andere Unternehmungen entscheidend zu einem gesunden, vertrauensvollen und freundlichen Klima in der Schule bei. Ebenso sind hier die vielen Projekte zu nennen, die die Lernkultur an unserer Schule entscheidend bestimmen.<\/p>\n<p><span style=\"text-decoration: underline;\"><span style=\"color: #333333; text-decoration: underline;\">\u00a0Folgende Feste und Feiern sind in unserem Jahresablauf fest verankert:<\/span><\/span><\/p>\n<ul>\n<li>Einschulungsfeier<a href=\"http:\/\/www.xn--mks-lningen-vfb.de\/wp-content\/uploads\/2012\/03\/IMG_8148.jpg\" rel=\"lightbox[496]\"><img loading=\"lazy\" decoding=\"async\" class=\"alignright wp-image-9454 size-thumbnail\" src=\"http:\/\/www.xn--mks-lningen-vfb.de\/wp-content\/uploads\/2012\/03\/IMG_8148-150x150.jpg\" alt=\"IMG_8148\" width=\"150\" height=\"150\" data-id=\"9454\" \/><\/a><\/li>\n<li>Entlassungsfeier<\/li>\n<li>Nikolausfeier<\/li>\n<li>Adventsfeiern<\/li>\n<li>Weihnachtsfeiern<\/li>\n<li>Maximilian-Kolbe-Gedenkfeier (Namensgeber unserer Schule)<\/li>\n<li>Gemeinsame Gedenkfeier der L\u00f6ninger Schulen zur Reichspogromnacht.<\/li>\n<\/ul>\n<p><span style=\"text-decoration: underline;\">Dazu folgen in unregelm\u00e4\u00dfigen Abst\u00e4nden:<\/span><\/p>\n<ul>\n<li>\u00a0Sommerfeste<\/li>\n<li>Jubil\u00e4umsfeiern<\/li>\n<li>Verabschiedungsfeiern\u00a0\u00a0\u00a0 <a href=\"http:\/\/www.xn--mks-lningen-vfb.de\/wp-content\/uploads\/2015\/09\/MG_0002.jpg\" rel=\"lightbox[496]\"><img loading=\"lazy\" decoding=\"async\" class=\"alignright wp-image-6757 size-thumbnail\" src=\"http:\/\/www.xn--mks-lningen-vfb.de\/wp-content\/uploads\/2015\/09\/MG_0002-150x150.jpg\" alt=\"_MG_0002\" width=\"150\" height=\"150\" data-id=\"6757\" \/><\/a><\/li>\n<li>Einweihungsfeiern<\/li>\n<li>Teilnahme an Feierlichkeiten, die auch die Schulen der Stadt L\u00f6ningen betreffen.<\/li>\n<\/ul>\n<p>Unter &#8222;Aktuelles im Schuljahr&#8220; finden Sie jeweils die vielen Ereignisse, die unseren Schulalltag und unser Schulleben pr\u00e4gen, ob Wettk\u00e4mpfe, Feiern, Klassenfahrten, Projekte und vieles mehr.<\/p>\n","protected":false},"excerpt":{"rendered":"<p>Gestaltung des Schullebens Im Sinne unseres Leitbildes \u201eMacht Kinder stark!\u201c halten wir es f\u00fcr \u00e4u\u00dferst wichtig, durch vielf\u00e4ltige gemeinschaftsf\u00f6rdernde Aktivit\u00e4ten unser Schulleben positiv zu beeinflussen. Lernen und Arbeiten k\u00f6nnen nur gelingen, wenn der Ort, an dem dies geschehen soll, von &hellip; <a href=\"https:\/\/www.xn--mks-lningen-vfb.de\/?page_id=496\">Weiterlesen <span class=\"meta-nav\">&rarr;<\/span><\/a><\/p>\n","protected":false},"author":2,"featured_media":0,"parent":0,"menu_order":0,"comment_status":"closed","ping_status":"open","template":"","meta":{"footnotes":"","_links_to":"","_links_to_target":""},"class_list":["post-496","page","type-page","status-publish","hentry"],"_links":{"self":[{"href":"https:\/\/www.xn--mks-lningen-vfb.de\/index.php?rest_route=\/wp\/v2\/pages\/496","targetHints":{"allow":["GET"]}}],"collection":[{"href":"https:\/\/www.xn--mks-lningen-vfb.de\/index.php?rest_route=\/wp\/v2\/pages"}],"about":[{"href":"https:\/\/www.xn--mks-lningen-vfb.de\/index.php?rest_route=\/wp\/v2\/types\/page"}],"author":[{"embeddable":true,"href":"https:\/\/www.xn--mks-lningen-vfb.de\/index.php?rest_route=\/wp\/v2\/users\/2"}],"replies":[{"embeddable":true,"href":"https:\/\/www.xn--mks-lningen-vfb.de\/index.php?rest_route=%2Fwp%2Fv2%2Fcomments&post=496"}],"version-history":[{"count":7,"href":"https:\/\/www.xn--mks-lningen-vfb.de\/index.php?rest_route=\/wp\/v2\/pages\/496\/revisions"}],"predecessor-version":[{"id":14690,"href":"https:\/\/www.xn--mks-lningen-vfb.de\/index.php?rest_route=\/wp\/v2\/pages\/496\/revisions\/14690"}],"wp:attachment":[{"href":"https:\/\/www.xn--mks-lningen-vfb.de\/index.php?rest_route=%2Fwp%2Fv2%2Fmedia&parent=496"}],"curies":[{"name":"wp","href":"https:\/\/api.w.org\/{rel}","templated":true}]}}

<h1><span style="color: #800000;">Gestaltung des Schullebens</span></h1>
<p style="text-align: justify;">Im Sinne unseres Leitbildes „Macht Kinder stark!“ halten wir es für äußerst wichtig, durch vielfältige gemeinschaftsfördernde Aktivitäten unser Schulleben positiv zu beeinflussen. Lernen und Arbeiten können nur gelingen, wenn der Ort, an dem dies geschehen soll, von Angstfreiheit, Akzeptanz und Wertschätzung geprägt ist. Im Laufe eines jeden Schuljahres tragen viele Feste, Aktionen, Ehrungen nach Wettkämpfen vor der gesamten Schulgemeinschaft und andere Unternehmungen entscheidend zu einem gesunden, vertrauensvollen und freundlichen Klima in der Schule bei. Ebenso sind hier die vielen Projekte zu nennen, die die Lernkultur an unserer Schule entscheidend bestimmen.</p>
<p><span style="text-decoration: underline;"><span style="color: #333333; text-decoration: underline;"> Folgende Feste und Feiern sind in unserem Jahresablauf fest verankert:</span></span></p>
<ul>
<li>Einschulungsfeier<a href="http://www.xn--mks-lningen-vfb.de/wp-content/uploads/2012/03/IMG_8148.jpg" rel="lightbox[496]"><img loading="lazy" decoding="async" class="alignright wp-image-9454 size-thumbnail" src="http://www.xn--mks-lningen-vfb.de/wp-content/uploads/2012/03/IMG_8148-150x150.jpg" alt="IMG_8148" width="150" height="150" data-id="9454" /></a></li>
<li>Entlassungsfeier</li>
<li>Nikolausfeier</li>
<li>Adventsfeiern</li>
<li>Weihnachtsfeiern</li>
<li>Maximilian-Kolbe-Gedenkfeier (Namensgeber unserer Schule)</li>
<li>Gemeinsame Gedenkfeier der Löninger Schulen zur Reichspogromnacht.</li>
</ul>
<p><span style="text-decoration: underline;">Dazu folgen in unregelmäßigen Abständen:</span></p>
<ul>
<li> Sommerfeste</li>
<li>Jubiläumsfeiern</li>
<li>Verabschiedungsfeiern    <a href="http://www.xn--mks-lningen-vfb.de/wp-content/uploads/2015/09/MG_0002.jpg" rel="lightbox[496]"><img loading="lazy" decoding="async" class="alignright wp-image-6757 size-thumbnail" src="http://www.xn--mks-lningen-vfb.de/wp-content/uploads/2015/09/MG_0002-150x150.jpg" alt="_MG_0002" width="150" height="150" data-id="6757" /></a></li>
<li>Einweihungsfeiern</li>
<li>Teilnahme an Feierlichkeiten, die auch die Schulen der Stadt Löningen betreffen.</li>
</ul>
<p>Unter &#8222;Aktuelles im Schuljahr&#8220; finden Sie jeweils die vielen Ereignisse, die unseren Schulalltag und unser Schulleben prägen, ob Wettkämpfe, Feiern, Klassenfahrten, Projekte und vieles mehr.</p>

<p>Gestaltung des Schullebens Im Sinne unseres Leitbildes „Macht Kinder stark!“ halten wir es für äußerst wichtig, durch vielfältige gemeinschaftsfördernde Aktivitäten unser Schulleben positiv zu beeinflussen. Lernen und Arbeiten können nur gelingen, wenn der Ort, an dem dies geschehen soll, von &hellip; <a href="https://www.xn--mks-lningen-vfb.de/?page_id=496">Weiterlesen <span class="meta-nav">&rarr;</span></a></p>
