{"id":15732,"date":"2024-09-18T11:45:11","date_gmt":"2024-09-18T10:45:11","guid":{"rendered":"https:\/\/www.xn--mks-lningen-vfb.de\/?page_id=15732"},"modified":"2025-11-25T11:15:07","modified_gmt":"2025-11-25T10:15:07","slug":"unsere-schuelervertretung","status":"publish","type":"page","link":"https:\/\/www.xn--mks-lningen-vfb.de\/?page_id=15732","title":{"rendered":"Unsere Sch\u00fclervertretung"},"content":{"rendered":"\n<p>Unsere SV-Lehrerin Frau Henke-Wessels begleitet und unterst\u00fctzt unsere Sch\u00fclervertretung bereits seit Jahren sehr erfolgreich. <\/p>\n\n\n\n<p>Es wurden neu gew\u00e4hlt f\u00fcr das Schuljahr 2025-26:<\/p>\n\n\n\n<div class=\"wp-block-columns is-layout-flex wp-container-core-columns-is-layout-9d6595d7 wp-block-columns-is-layout-flex\">\n<div class=\"wp-block-column is-layout-flow wp-block-column-is-layout-flow\"><\/div>\n\n\n\n<div class=\"wp-block-column is-layout-flow wp-block-column-is-layout-flow\"><\/div>\n<\/div>\n\n\n\n<figure class=\"wp-block-gallery has-nested-images columns-default is-cropped wp-block-gallery-1 is-layout-flex wp-block-gallery-is-layout-flex\">\n<figure class=\"wp-block-image size-large\"><a href=\"https:\/\/www.xn--mks-lningen-vfb.de\/wp-content\/uploads\/2025\/11\/SV-2025_2026-1.png\" rel=\"lightbox[15732]\"><img loading=\"lazy\" decoding=\"async\" width=\"1024\" height=\"896\" data-id=\"16383\" src=\"https:\/\/www.xn--mks-lningen-vfb.de\/wp-content\/uploads\/2025\/11\/SV-2025_2026-1-1024x896.png\" alt=\"\" class=\"wp-image-16383\" srcset=\"https:\/\/www.xn--mks-lningen-vfb.de\/wp-content\/uploads\/2025\/11\/SV-2025_2026-1-1024x896.png 1024w, https:\/\/www.xn--mks-lningen-vfb.de\/wp-content\/uploads\/2025\/11\/SV-2025_2026-1-300x263.png 300w, https:\/\/www.xn--mks-lningen-vfb.de\/wp-content\/uploads\/2025\/11\/SV-2025_2026-1-768x672.png 768w, https:\/\/www.xn--mks-lningen-vfb.de\/wp-content\/uploads\/2025\/11\/SV-2025_2026-1-343x300.png 343w, https:\/\/www.xn--mks-lningen-vfb.de\/wp-content\/uploads\/2025\/11\/SV-2025_2026-1.png 1285w\" sizes=\"auto, (max-width: 1024px) 100vw, 1024px\" \/><\/a><\/figure>\n<\/figure>\n","protected":false},"excerpt":{"rendered":"<p>Unsere SV-Lehrerin Frau Henke-Wessels begleitet und unterst\u00fctzt unsere Sch\u00fclervertretung bereits seit Jahren sehr erfolgreich. Es wurden neu gew\u00e4hlt f\u00fcr das Schuljahr 2025-26:<\/p>\n","protected":false},"author":2,"featured_media":0,"parent":0,"menu_order":0,"comment_status":"closed","ping_status":"closed","template":"","meta":{"footnotes":"","_links_to":"","_links_to_target":""},"class_list":["post-15732","page","type-page","status-publish","hentry"],"_links":{"self":[{"href":"https:\/\/www.xn--mks-lningen-vfb.de\/index.php?rest_route=\/wp\/v2\/pages\/15732","targetHints":{"allow":["GET"]}}],"collection":[{"href":"https:\/\/www.xn--mks-lningen-vfb.de\/index.php?rest_route=\/wp\/v2\/pages"}],"about":[{"href":"https:\/\/www.xn--mks-lningen-vfb.de\/index.php?rest_route=\/wp\/v2\/types\/page"}],"author":[{"embeddable":true,"href":"https:\/\/www.xn--mks-lningen-vfb.de\/index.php?rest_route=\/wp\/v2\/users\/2"}],"replies":[{"embeddable":true,"href":"https:\/\/www.xn--mks-lningen-vfb.de\/index.php?rest_route=%2Fwp%2Fv2%2Fcomments&post=15732"}],"version-history":[{"count":2,"href":"https:\/\/www.xn--mks-lningen-vfb.de\/index.php?rest_route=\/wp\/v2\/pages\/15732\/revisions"}],"predecessor-version":[{"id":16384,"href":"https:\/\/www.xn--mks-lningen-vfb.de\/index.php?rest_route=\/wp\/v2\/pages\/15732\/revisions\/16384"}],"wp:attachment":[{"href":"https:\/\/www.xn--mks-lningen-vfb.de\/index.php?rest_route=%2Fwp%2Fv2%2Fmedia&parent=15732"}],"curies":[{"name":"wp","href":"https:\/\/api.w.org\/{rel}","templated":true}]}}