{"id":125,"date":"2013-08-09T16:15:28","date_gmt":"2013-08-09T16:15:28","guid":{"rendered":"http:\/\/mkruse.medienzentrum-clp.de\/loeningen\/?page_id=125"},"modified":"2022-05-10T08:00:01","modified_gmt":"2022-05-10T07:00:01","slug":"leitbild","status":"publish","type":"page","link":"https:\/\/www.xn--mks-lningen-vfb.de\/?page_id=125","title":{"rendered":"Leitbild"},"content":{"rendered":"<h1><span style=\"color: #000000;\"><strong><strong>Unser Leitbild<\/strong><\/strong>:<\/span><\/h1>\n<h4 style=\"text-align: center;\"><span style=\"color: #000000;\">Wir machen unsere Sch\u00fclerinnen und Sch\u00fcler stark, <\/span><\/h4>\n<h4 style=\"text-align: center;\"><span style=\"color: #000000;\">indem wir ihnen R\u00fcstzeug und Orientierung geben f\u00fcr ihre<\/span><\/h4>\n<h4 style=\"text-align: center;\"><span style=\"color: #000000;\"> individuelle und zuk\u00fcnftige Lebensgestaltung.<\/span><\/h4>\n<p style=\"text-align: center;\"><img loading=\"lazy\" decoding=\"async\" class=\"size-medium wp-image-9868\" src=\"http:\/\/www.xn--mks-lningen-vfb.de\/wp-content\/uploads\/2013\/08\/Leitbild-extra-300x266.jpg\" alt=\"Leitbild extra\" width=\"300\" height=\"266\" data-id=\"9868\" srcset=\"https:\/\/www.xn--mks-lningen-vfb.de\/wp-content\/uploads\/2013\/08\/Leitbild-extra-300x266.jpg 300w, https:\/\/www.xn--mks-lningen-vfb.de\/wp-content\/uploads\/2013\/08\/Leitbild-extra-1024x909.jpg 1024w, https:\/\/www.xn--mks-lningen-vfb.de\/wp-content\/uploads\/2013\/08\/Leitbild-extra-337x300.jpg 337w, https:\/\/www.xn--mks-lningen-vfb.de\/wp-content\/uploads\/2013\/08\/Leitbild-extra.jpg 1067w\" sizes=\"auto, (max-width: 300px) 100vw, 300px\" \/><\/p>\n<p style=\"text-align: left;\">Die Begriffe <span style=\"color: #008080;\"><strong><strong>ICH \u2013 MITEINANDER &#8211; LERNEN \u2013 STARK SEIN <\/strong><\/strong><\/span>nehmen eine zentrale Rolle ein und bedeuten f\u00fcr das<\/p>\n<p><strong><strong><span style=\"color: #008080;\">ICH<\/span> <\/strong><\/strong><\/p>\n<ul>\n<li>Wir f\u00f6rdern die Entwicklung von Selbstbewusstsein, Pers\u00f6nlichkeit und Handlungsf\u00e4higkeit unserer Sch\u00fclerinnen und Sch\u00fcler, damit sie m\u00f6glichst selbstst\u00e4ndig und eigenverantwortlich ihr zuk\u00fcnftiges Leben bew\u00e4ltigen k\u00f6nnen. <strong><strong>(LS 1) <\/strong><\/strong><\/li>\n<\/ul>\n<p><span style=\"color: #008080;\"><strong><strong>MITEINANDER<\/strong><\/strong><\/span><\/p>\n<ul>\n<li>Wir gestalten unsere Schule als gemeinsamen Lern- und Lebensraum, der gepr\u00e4gt ist von bedingungsloser Anerkennung, Wertsch\u00e4tzung und Achtung sowie einem friedvollen Miteinander in einer kulturellen Vielfalt. <strong><strong>(LS 2)<\/strong><\/strong><\/li>\n<li>Wir arbeiten in einem multiprofessionellen Team und f\u00f6rdern die Zusammenarbeit mit den Eltern. <strong><strong>(LS 3)<\/strong><\/strong><\/li>\n<\/ul>\n<p><span style=\"color: #008080;\"><strong><strong>LERNEN<\/strong><\/strong><\/span><\/p>\n<ul>\n<li>Wir schaffen vielf\u00e4ltige Lernerfahrungen durch einen ganzheitlichen, projekt- und handlungsorientierten, bewegungsreichen, lebenspraktischen sowie individualisierten Unterricht. <strong><strong>(LS 4)<\/strong><\/strong><\/li>\n<li>Wir gehen bei der Vermittlung von Kulturtechniken auf individuelle Bedingungen und Lernvoraussetzungen ein und f\u00f6rdern St\u00e4rken und Talente \u2013 auch im musischen und multimedialen Bereich. <strong><strong>(LS 5)<\/strong><\/strong><\/li>\n<\/ul>\n<p><span style=\"color: #008080;\"><strong><strong>STARK SEIN<\/strong><\/strong><\/span><\/p>\n<ul>\n<li>Wir entwickeln mit den Sch\u00fclerinnen und Sch\u00fclern m\u00f6gliche Perspektiven nach der Schule und planen mit ihnen gemeinsam pers\u00f6nliche Zukunftswege in den Bereichen Wohnen, Beruf, Freizeit- und Lebensgestaltung. <strong><strong>(LS 6) <\/strong><\/strong><\/li>\n<li>Wir unterst\u00fctzen die Sch\u00fclerinnen und Sch\u00fcler dabei, eigene und fremde Grenzen zu erkennen und zu akzeptieren. <strong><strong>(LS 7)<\/strong><\/strong><\/li>\n<\/ul>\n<p>Wir haben unser Leitbild f\u00fcr unsere Sch\u00fclerinnen und Sch\u00fcler sprachlich angepasst sowie mit entsprechenden Piktogramme erg\u00e4nzt. Das auf diese Weise entwickelte Schaubild erleichtert es den Sch\u00fclerinnen und Sch\u00fclern, sich damit in besonderem Ma\u00dfe zu identifizieren.<\/p>\n<p><a href=\"http:\/\/www.xn--mks-lningen-vfb.de\/wp-content\/uploads\/2018\/04\/MKS-Logo.jpg\" rel=\"lightbox[125]\"><img loading=\"lazy\" decoding=\"async\" class=\"alignleft wp-image-11061 size-large\" src=\"http:\/\/www.xn--mks-lningen-vfb.de\/wp-content\/uploads\/2018\/04\/MKS-Logo-1024x713.jpg\" alt=\"\" width=\"584\" height=\"407\" data-id=\"11061\" srcset=\"https:\/\/www.xn--mks-lningen-vfb.de\/wp-content\/uploads\/2018\/04\/MKS-Logo-1024x713.jpg 1024w, https:\/\/www.xn--mks-lningen-vfb.de\/wp-content\/uploads\/2018\/04\/MKS-Logo-300x209.jpg 300w, https:\/\/www.xn--mks-lningen-vfb.de\/wp-content\/uploads\/2018\/04\/MKS-Logo-768x535.jpg 768w, https:\/\/www.xn--mks-lningen-vfb.de\/wp-content\/uploads\/2018\/04\/MKS-Logo-431x300.jpg 431w, https:\/\/www.xn--mks-lningen-vfb.de\/wp-content\/uploads\/2018\/04\/MKS-Logo.jpg 1135w\" sizes=\"auto, (max-width: 584px) 100vw, 584px\" \/><\/a><\/p>\n<p style=\"text-align: justify;\">\n","protected":false},"excerpt":{"rendered":"<p>Unser Leitbild: Wir machen unsere Sch\u00fclerinnen und Sch\u00fcler stark, indem wir ihnen R\u00fcstzeug und Orientierung geben f\u00fcr ihre individuelle und zuk\u00fcnftige Lebensgestaltung. Die Begriffe ICH \u2013 MITEINANDER &#8211; LERNEN \u2013 STARK SEIN nehmen eine zentrale Rolle ein und bedeuten f\u00fcr &hellip; <a href=\"https:\/\/www.xn--mks-lningen-vfb.de\/?page_id=125\">Weiterlesen <span class=\"meta-nav\">&rarr;<\/span><\/a><\/p>\n","protected":false},"author":2,"featured_media":0,"parent":0,"menu_order":0,"comment_status":"closed","ping_status":"open","template":"","meta":{"footnotes":"","_links_to":"","_links_to_target":""},"class_list":["post-125","page","type-page","status-publish","hentry"],"_links":{"self":[{"href":"https:\/\/www.xn--mks-lningen-vfb.de\/index.php?rest_route=\/wp\/v2\/pages\/125","targetHints":{"allow":["GET"]}}],"collection":[{"href":"https:\/\/www.xn--mks-lningen-vfb.de\/index.php?rest_route=\/wp\/v2\/pages"}],"about":[{"href":"https:\/\/www.xn--mks-lningen-vfb.de\/index.php?rest_route=\/wp\/v2\/types\/page"}],"author":[{"embeddable":true,"href":"https:\/\/www.xn--mks-lningen-vfb.de\/index.php?rest_route=\/wp\/v2\/users\/2"}],"replies":[{"embeddable":true,"href":"https:\/\/www.xn--mks-lningen-vfb.de\/index.php?rest_route=%2Fwp%2Fv2%2Fcomments&post=125"}],"version-history":[{"count":11,"href":"https:\/\/www.xn--mks-lningen-vfb.de\/index.php?rest_route=\/wp\/v2\/pages\/125\/revisions"}],"predecessor-version":[{"id":14096,"href":"https:\/\/www.xn--mks-lningen-vfb.de\/index.php?rest_route=\/wp\/v2\/pages\/125\/revisions\/14096"}],"wp:attachment":[{"href":"https:\/\/www.xn--mks-lningen-vfb.de\/index.php?rest_route=%2Fwp%2Fv2%2Fmedia&parent=125"}],"curies":[{"name":"wp","href":"https:\/\/api.w.org\/{rel}","templated":true}]}}

<h1><span style="color: #000000;"><strong><strong>Unser Leitbild</strong></strong>:</span></h1>
<h4 style="text-align: center;"><span style="color: #000000;">Wir machen unsere Schülerinnen und Schüler stark, </span></h4>
<h4 style="text-align: center;"><span style="color: #000000;">indem wir ihnen Rüstzeug und Orientierung geben für ihre</span></h4>
<h4 style="text-align: center;"><span style="color: #000000;"> individuelle und zukünftige Lebensgestaltung.</span></h4>
<p style="text-align: center;"><img loading="lazy" decoding="async" class="size-medium wp-image-9868" src="http://www.xn--mks-lningen-vfb.de/wp-content/uploads/2013/08/Leitbild-extra-300x266.jpg" alt="Leitbild extra" width="300" height="266" data-id="9868" srcset="https://www.xn--mks-lningen-vfb.de/wp-content/uploads/2013/08/Leitbild-extra-300x266.jpg 300w, https://www.xn--mks-lningen-vfb.de/wp-content/uploads/2013/08/Leitbild-extra-1024x909.jpg 1024w, https://www.xn--mks-lningen-vfb.de/wp-content/uploads/2013/08/Leitbild-extra-337x300.jpg 337w, https://www.xn--mks-lningen-vfb.de/wp-content/uploads/2013/08/Leitbild-extra.jpg 1067w" sizes="auto, (max-width: 300px) 100vw, 300px" /></p>
<p style="text-align: left;">Die Begriffe <span style="color: #008080;"><strong><strong>ICH – MITEINANDER &#8211; LERNEN – STARK SEIN </strong></strong></span>nehmen eine zentrale Rolle ein und bedeuten für das</p>
<p><strong><strong><span style="color: #008080;">ICH</span> </strong></strong></p>
<ul>
<li>Wir fördern die Entwicklung von Selbstbewusstsein, Persönlichkeit und Handlungsfähigkeit unserer Schülerinnen und Schüler, damit sie möglichst selbstständig und eigenverantwortlich ihr zukünftiges Leben bewältigen können. <strong><strong>(LS 1) </strong></strong></li>
</ul>
<p><span style="color: #008080;"><strong><strong>MITEINANDER</strong></strong></span></p>
<ul>
<li>Wir gestalten unsere Schule als gemeinsamen Lern- und Lebensraum, der geprägt ist von bedingungsloser Anerkennung, Wertschätzung und Achtung sowie einem friedvollen Miteinander in einer kulturellen Vielfalt. <strong><strong>(LS 2)</strong></strong></li>
<li>Wir arbeiten in einem multiprofessionellen Team und fördern die Zusammenarbeit mit den Eltern. <strong><strong>(LS 3)</strong></strong></li>
</ul>
<p><span style="color: #008080;"><strong><strong>LERNEN</strong></strong></span></p>
<ul>
<li>Wir schaffen vielfältige Lernerfahrungen durch einen ganzheitlichen, projekt- und handlungsorientierten, bewegungsreichen, lebenspraktischen sowie individualisierten Unterricht. <strong><strong>(LS 4)</strong></strong></li>
<li>Wir gehen bei der Vermittlung von Kulturtechniken auf individuelle Bedingungen und Lernvoraussetzungen ein und fördern Stärken und Talente – auch im musischen und multimedialen Bereich. <strong><strong>(LS 5)</strong></strong></li>
</ul>
<p><span style="color: #008080;"><strong><strong>STARK SEIN</strong></strong></span></p>
<ul>
<li>Wir entwickeln mit den Schülerinnen und Schülern mögliche Perspektiven nach der Schule und planen mit ihnen gemeinsam persönliche Zukunftswege in den Bereichen Wohnen, Beruf, Freizeit- und Lebensgestaltung. <strong><strong>(LS 6) </strong></strong></li>
<li>Wir unterstützen die Schülerinnen und Schüler dabei, eigene und fremde Grenzen zu erkennen und zu akzeptieren. <strong><strong>(LS 7)</strong></strong></li>
</ul>
<p>Wir haben unser Leitbild für unsere Schülerinnen und Schüler sprachlich angepasst sowie mit entsprechenden Piktogramme ergänzt. Das auf diese Weise entwickelte Schaubild erleichtert es den Schülerinnen und Schülern, sich damit in besonderem Maße zu identifizieren.</p>
<p><a href="http://www.xn--mks-lningen-vfb.de/wp-content/uploads/2018/04/MKS-Logo.jpg" rel="lightbox[125]"><img loading="lazy" decoding="async" class="alignleft wp-image-11061 size-large" src="http://www.xn--mks-lningen-vfb.de/wp-content/uploads/2018/04/MKS-Logo-1024x713.jpg" alt="" width="584" height="407" data-id="11061" srcset="https://www.xn--mks-lningen-vfb.de/wp-content/uploads/2018/04/MKS-Logo-1024x713.jpg 1024w, https://www.xn--mks-lningen-vfb.de/wp-content/uploads/2018/04/MKS-Logo-300x209.jpg 300w, https://www.xn--mks-lningen-vfb.de/wp-content/uploads/2018/04/MKS-Logo-768x535.jpg 768w, https://www.xn--mks-lningen-vfb.de/wp-content/uploads/2018/04/MKS-Logo-431x300.jpg 431w, https://www.xn--mks-lningen-vfb.de/wp-content/uploads/2018/04/MKS-Logo.jpg 1135w" sizes="auto, (max-width: 584px) 100vw, 584px" /></a></p>
<p style="text-align: justify;">

<p>Unser Leitbild: Wir machen unsere Schülerinnen und Schüler stark, indem wir ihnen Rüstzeug und Orientierung geben für ihre individuelle und zukünftige Lebensgestaltung. Die Begriffe ICH – MITEINANDER &#8211; LERNEN – STARK SEIN nehmen eine zentrale Rolle ein und bedeuten für &hellip; <a href="https://www.xn--mks-lningen-vfb.de/?page_id=125">Weiterlesen <span class="meta-nav">&rarr;</span></a></p>
