{"id":10638,"date":"2017-10-25T10:55:54","date_gmt":"2017-10-25T09:55:54","guid":{"rendered":"http:\/\/www.xn--mks-lningen-vfb.de\/?page_id=10638"},"modified":"2023-02-13T09:40:00","modified_gmt":"2023-02-13T08:40:00","slug":"physiotherapie","status":"publish","type":"page","link":"https:\/\/www.xn--mks-lningen-vfb.de\/?page_id=10638","title":{"rendered":"Physiotherapie"},"content":{"rendered":"<p><span style=\"color: #000000;\">Unserer Schule stehen <\/span><span style=\"color: #ff0000;\"><span style=\"color: #000000;\">besonders auf die Altesgruppe unserer Sch\u00fclerinnen und Sch\u00fclern hin zwei qualifizierte Physiotherapeutinnen zur Verf\u00fcgung, die in Einzel- und Gruppentherapie Behandlungen vornimmt und auch unterrichtsbegleitend zur F\u00f6rderung beitr\u00e4gt. Ihre Namen lauten Jenny Kunze und Elena Schulz.<br \/><\/span><\/span><\/p>\n<p><a href=\"http:\/\/www.xn--mks-lningen-vfb.de\/wp-content\/uploads\/2018\/03\/Pyhsiotherapie.jpg\" rel=\"lightbox[10638]\"><img loading=\"lazy\" decoding=\"async\" class=\"aligncenter wp-image-10990 size-medium\" src=\"http:\/\/www.xn--mks-lningen-vfb.de\/wp-content\/uploads\/2018\/03\/Pyhsiotherapie-300x200.jpg\" alt=\"\" width=\"300\" height=\"200\" data-id=\"10990\" srcset=\"https:\/\/www.xn--mks-lningen-vfb.de\/wp-content\/uploads\/2018\/03\/Pyhsiotherapie-300x200.jpg 300w, https:\/\/www.xn--mks-lningen-vfb.de\/wp-content\/uploads\/2018\/03\/Pyhsiotherapie.jpg 448w\" sizes=\"auto, (max-width: 300px) 100vw, 300px\" \/><\/a><\/p>\n\n\n<p>Ihre T\u00e4tigkeit in unserer Schule beschreibt Frau Kunze wie folgt:<\/p>\n\n\n\n<p>In der Physiotherapie arbeite ich ressourcenorientiert und hole die Kinder da ab, wo sie gerade in ihrer pers\u00f6nlichen Entwicklung stehen. Wichtig ist mir dabei, dass die Kinder Freude an der Therapie haben. So baue ich f\u00fcr die Kinder Bewegungslandschaften und Parcours auf, die ich je nach Therapieschwerpunkt individuell ver\u00e4ndern kann. Ist eine Bewegungslandschaft f\u00fcr den Therapieschwerpunkt nicht geeignet bzw. wurden schon verschiedene Formen der Bewegungslandschaft genutzt, kombiniere ich die therapeutischen \u00dcbungen mit kleinen Spielchen. So sollen die Kinder z.B. bei der Pezziball-Gymnastik aus kleinen Ringen einen Turm bauen. Des Weiteren steht mir f\u00fcr meine Therapie eine gro\u00dfe Behandlungsbank zur Verf\u00fcgung, die es mir erm\u00f6glicht, gezielt auf Krankheitsbilder einzugehen, z.B. bei Spitzfu\u00dftendenzen oder Spastiken. Ein anderer Schwerpunkt meiner Therapie liegt auf der F\u00f6rderung der K\u00f6rperwahrnehmung. Hierf\u00fcr stehen mir ein B\u00e4llebad, eine Tuchschaukel, kleine Sands\u00e4ckchen und viele weitere Materialien zur Verf\u00fcgung.<\/p>\n\n\n\n<p>Um die Kinder in ihrer Entwicklung bestm\u00f6glich unterst\u00fctzen zu k\u00f6nnen, sind Gespr\u00e4che und Abstimmungen mit anderen Therapeuten und den Lehrpersonen von gro\u00dfer Bedeutung. Wichtig f\u00fcr einen Therapieerfolg der Kinder sind ebenfalls die Eltern. Diese werden durch Gespr\u00e4che miteinbezogen und k\u00f6nnen so W\u00fcnsche und Ideen \u00e4u\u00dfern. Durch die Gespr\u00e4che werden den Eltern zudem M\u00f6glichkeiten an die Hand gegeben, ihre Kinder zuhause durch \u00dcbungen zu f\u00f6rdern und diese in den Alltag zu integrieren.<\/p>\n","protected":false},"excerpt":{"rendered":"<p>Unserer Schule stehen besonders auf die Altesgruppe unserer Sch\u00fclerinnen und Sch\u00fclern hin zwei qualifizierte Physiotherapeutinnen zur Verf\u00fcgung, die in Einzel- und Gruppentherapie Behandlungen vornimmt und auch unterrichtsbegleitend zur F\u00f6rderung beitr\u00e4gt. Ihre Namen lauten Jenny Kunze und Elena Schulz. Ihre T\u00e4tigkeit &hellip; <a href=\"https:\/\/www.xn--mks-lningen-vfb.de\/?page_id=10638\">Weiterlesen <span class=\"meta-nav\">&rarr;<\/span><\/a><\/p>\n","protected":false},"author":2,"featured_media":0,"parent":0,"menu_order":0,"comment_status":"closed","ping_status":"closed","template":"","meta":{"footnotes":"","_links_to":"","_links_to_target":""},"class_list":["post-10638","page","type-page","status-publish","hentry"],"_links":{"self":[{"href":"https:\/\/www.xn--mks-lningen-vfb.de\/index.php?rest_route=\/wp\/v2\/pages\/10638","targetHints":{"allow":["GET"]}}],"collection":[{"href":"https:\/\/www.xn--mks-lningen-vfb.de\/index.php?rest_route=\/wp\/v2\/pages"}],"about":[{"href":"https:\/\/www.xn--mks-lningen-vfb.de\/index.php?rest_route=\/wp\/v2\/types\/page"}],"author":[{"embeddable":true,"href":"https:\/\/www.xn--mks-lningen-vfb.de\/index.php?rest_route=\/wp\/v2\/users\/2"}],"replies":[{"embeddable":true,"href":"https:\/\/www.xn--mks-lningen-vfb.de\/index.php?rest_route=%2Fwp%2Fv2%2Fcomments&post=10638"}],"version-history":[{"count":8,"href":"https:\/\/www.xn--mks-lningen-vfb.de\/index.php?rest_route=\/wp\/v2\/pages\/10638\/revisions"}],"predecessor-version":[{"id":14515,"href":"https:\/\/www.xn--mks-lningen-vfb.de\/index.php?rest_route=\/wp\/v2\/pages\/10638\/revisions\/14515"}],"wp:attachment":[{"href":"https:\/\/www.xn--mks-lningen-vfb.de\/index.php?rest_route=%2Fwp%2Fv2%2Fmedia&parent=10638"}],"curies":[{"name":"wp","href":"https:\/\/api.w.org\/{rel}","templated":true}]}}